9
List the prime factors of 2271054.
2, 3, 378509
List the prime factors of 92642.
2, 11, 4211
List the prime factors of 7065360.
2, 3, 5, 3271
What are the prime factors of 8962609?
1181, 7589
List the prime factors of 1962983.
11, 16223
What are the prime factors of 1367067?
3, 13, 35053
List the prime factors of 14587609.
29, 661, 761
What are the prime factors of 8951349?
3, 11, 271253
List the prime factors of 1764459.
3, 196051
What are the prime factors of 1161322?
2, 31, 18731
What are the prime factors of 129900?
2, 3, 5, 433
What are the prime factors of 296852?
2, 47, 1579
What are the prime factors of 16962?
2, 3, 11, 257
List the prime factors of 32733310.
2, 5, 89, 36779
List the prime factors of 14161765.
5, 17, 166609
What are the prime factors of 115821?
3, 17, 757
What are the prime factors of 162316?
2, 7, 11, 17, 31
What are the prime factors of 27198571?
47, 578693
What are the prime factors of 4147286?
2, 11, 13, 17, 853
What are the prime factors of 330341?
11, 59, 509
What are the prime factors of 1465583?
7, 23, 9103
What are the prime factors of 8298194?
2, 661, 6277
What are the prime factors of 4126995?
3, 5, 91711
What are the prime factors of 196933?
11, 17903
What are the prime factors of 1091726?
2, 545863
What are the prime factors of 18235769?
18235769
What are the prime factors of 21189929?
73, 281, 1033
What are the prime factors of 133341?
3, 13, 263
List the prime factors of 144434.
2, 257, 281
List the prime factors of 460841.
460841
What are the prime factors of 290728?
2, 36341
What are the prime factors of 1894652?
2, 263, 1801
List the prime factors of 1242179.
137, 9067
What are the prime factors of 311675?
5, 7, 13, 137
What are the prime factors of 287963?
13, 17, 1303
List the prime factors of 23415.
3, 5, 7, 223
What are the prime factors of 40198?
2, 101, 199
List the prime factors of 725834.
2, 23, 31, 509
What are the prime factors of 13187083?
7, 13, 19, 29, 263
What are the prime factors of 194235?
3, 5, 23, 563
List the prime factors of 353234.
2, 7, 23, 1097
What are the prime factors of 3192635?
5, 638527
List the prime factors of 561396.
2, 3, 11, 4253
What are the prime factors of 1142102?
2, 13, 31, 109
What are the prime factors of 1407039?
3, 17, 47, 587
What are the prime factors of 4831048?
2, 603881
What are the prime factors of 715466?
2, 357733
List the prime factors of 5118108.
2, 3, 97, 4397
List the prime factors of 218824.
2, 17, 1609
List the prime factors of 1751232.
2, 3, 7, 1303
What are the prime factors of 2372654?
2, 43, 47, 587
List the prime factors of 374061.
3, 67, 1861
What are the prime factors of 259072?
2, 11, 23
List the prime factors of 572906.
2, 286453
List the prime factors of 3684811.
13, 283447
What are the prime factors of 2487233?
7, 19, 18701
List the prime factors of 1081523.
17, 113, 563
What are the prime factors of 612785?
5, 122557
List the prime factors of 765187.
17, 19, 23, 103
What are the prime factors of 119305?
5, 107, 223
What are the prime factors of 1052479?
1052479
What are the prime factors of 3423464?
2, 11, 38903
List the prime factors of 236995.
5, 11, 31, 139
What are the prime factors of 6693912?
2, 3, 239, 389
List the prime factors of 27124865.
5, 191, 28403
List the prime factors of 400960.
2, 5, 7, 179
List the prime factors of 744408.
2, 3, 7, 211
What are the prime factors of 5137377?
3, 7, 244637
List the prime factors of 546419.
577, 947
What are the prime factors of 2574195?
3, 5, 13, 43, 307
List the prime factors of 779605.
5, 155921
What are the prime factors of 1333937?
11, 121267
List the prime factors of 4264196.
2, 1066049
What are the prime factors of 25007590?
2, 5, 2500759
List the prime factors of 432957.
3, 7, 53, 389
What are the prime factors of 558474?
2, 3, 7, 13297
List the prime factors of 8732146.
2, 89, 49057
What are the prime factors of 22538123?
19, 1186217
What are the prime factors of 584356?
2, 139, 1051
List the prime factors of 660812.
2, 165203
What are the prime factors of 796552?
2, 17, 5857
What are the prime factors of 1445896?
2, 149, 1213
What are the prime factors of 513942?
2, 3, 11, 13, 599
What are the prime factors of 1289327?
13, 41, 59
What are the prime factors of 135966?
2, 3, 17, 31, 43
What are the prime factors of 271716?
2, 3, 22643
What are the prime factors of 101018?
2, 53, 953
What are the prime factors of 689218?
2, 23, 14983
List the prime factors of 13126082.
2, 31, 211711
What are the prime factors of 883342?
2, 443, 997
List the prime factors of 10196445.
3, 5, 7, 19, 269
What are the prime factors of 13000658?
2, 11, 23, 25693
List the prime factors of 223107.
3, 31, 2399
What are the prime factors of 21980?
2, 5, 7, 157
List the prime factors of 2416661.
13, 185897
What are the prime factors of 19428?
2, 3, 1619
What are the prime factors of 9893703?
3, 23, 143387
What are the prime factors of 323099?
7, 101, 457
List the prime factors of 90551.
23, 31, 127
What are the prime factors of 3893803?
19, 223, 919
What are the prime factors of 207747?
3, 41, 563
List the prime factors of 1587954.
2, 3, 264659
List the prime factors of 35725.
5, 1429
What are the prime factors of 57589?
7, 19, 433
What are the prime factors of 17816062?
2, 11, 809821
What are the prime factors of 1016130?
2, 3, 5, 33871
What are the prime factors of 4733681?
4733681
What are the prime factors of 3152314?
2, 11, 143287
List the prime factors of 119865.
3, 5, 61, 131
List the prime factors of 3856095.
3, 5, 85691
List the prime factors of 1330440.
2, 3, 5, 11087
List the prime factors of 2163004.
2, 540751
List the prime factors of 6997368.
2, 3, 7, 41651
List the prime factors of 29655206.
2, 7, 211, 10039
List the prime factors of 14529038.
2, 211, 34429
What are the prime factors of 820564?
2, 205141
List the prime factors of 467269.
11, 107, 397
List the prime factors of 6560899.
587, 11177
What are the prime factors of 144230?
2, 5, 14423
What are the prime factors of 27666?
2, 3, 29, 53
What are the prime factors of 6265260?
2, 3, 5, 34807
What are the prime factors of 26281?
41, 641
List the prime factors of 5018454.
2, 3, 7, 39829
What are the prime factors of 1751043?
3, 7, 83383
What are the prime factors of 2766551?
2766551
What are the prime factors of 9257992?
2, 37, 31277
What are the prime factors of 84790?
2, 5, 61, 139
What are the prime factors of 302351?
7, 47, 919
List the prime factors of 272938.
2, 239, 571
List the prime factors of 258384.
2, 3, 7, 769
What are the prime factors of 792264?
2, 3, 11, 3001
What are the prime factors of 8685146?
2, 31, 71, 1973
List the prime factors of 256967.
256967
What are the prime factors of 818808?
2, 3, 109, 313
List the prime factors of 858434.
2, 429217
What are the prime factors of 5546653?
7, 103, 157
List the prime factors of 13563244.
2, 31, 89, 1229
List the prime factors of 3669137.
53, 107, 647
What are the prime factors of 743002?
2, 13, 17, 41
What are the prime factors of 27152?
2, 1697
List the prime factors of 217921.
11, 1801
What are the prime factors of 43817?
43, 1019
List the prime factors of 3504839.
13, 17, 15859
What are the prime factors of 342784?
2, 13, 103
List the prime factors of 49130.
2, 5, 17
What are the prime factors of 147379?
293, 503
What are the prime factors of 254054?
2, 59, 2153
What are the prime factors of 778389?
3, 23, 29, 389
List the prime factors of 717314.
2, 13, 47, 587
List the prime factors of 2101065.
3, 5, 140071
List the prime factors of 314789.
17, 18517
What are the prime factors of 339380?
2, 5, 71, 239
List the prime factors of 7156973.
7156973
What are the prime factors of 2988641?
241, 12401
What are the prime factors of 220883?
13, 1307
List the prime factors of 10603900.
2, 5, 19, 5581
List the prime factors of 5589.
3, 23
List the prime factors of 159067.
73, 2179
List the prime factors of 10728918.
2, 3, 719, 829
What are the prime factors of 1402009?
7, 53, 3779
What are the prime factors of 9142884?
2, 3, 253969
List the prime factors of 12046967.
12046967
What are the prime factors of 128475?
3, 5, 571
List the prime factors of 656947.
547, 1201
What are the prime factors of 255420?
2, 3, 5, 11, 43
List the prime factors of 191089.
191089
What are the prim